inder when 176087724 is divided by 53?
47
Calculate the remainder when 3160591 is divided by 19.
17
Calculate the remainder when 2249064 is divided by 227.
175
Calculate the remainder when 785068 is divided by 141.
121
What is the remainder when 6408470 is divided by 85446?
20
Calculate the remainder when 4867163 is divided by 30.
23
Calculate the remainder when 4496822 is divided by 578.
560
What is the remainder when 904443 is divided by 5165?
568
What is the remainder when 366402 is divided by 10776?
18
Calculate the remainder when 184618 is divided by 4502.
36
Calculate the remainder when 211876407 is divided by 190.
187
What is the remainder when 1449150 is divided by 64?
62
Calculate the remainder when 256190 is divided by 1991.
1342
What is the remainder when 250704 is divided by 1547?
90
Calculate the remainder when 2905649 is divided by 9080.
49
What is the remainder when 3613420 is divided by 607?
556
What is the remainder when 32601113 is divided by 1638?
1637
What is the remainder when 3931645 is divided by 448?
445
What is the remainder when 521807 is divided by 1495?
52
What is the remainder when 172421070 is divided by 523?
522
Calculate the remainder when 1381055 is divided by 161.
158
Calculate the remainder when 265066 is divided by 621.
520
What is the remainder when 169246 is divided by 7681?
264
Calculate the remainder when 1259980 is divided by 3559.
94
What is the remainder when 47041868 is divided by 57?
53
Calculate the remainder when 1122533 is divided by 8370.
953
Calculate the remainder when 11770793 is divided by 4133.
9
What is the remainder when 543572 is divided by 24690?
392
Calculate the remainder when 3328278 is divided by 8578.
14
Calculate the remainder when 26758574 is divided by 125627.
23
Calculate the remainder when 20402 is divided by 17336.
3066
Calculate the remainder when 2217012 is divided by 2216987.
25
Calculate the remainder when 6066747 is divided by 6066741.
6
What is the remainder when 2405072 is divided by 74?
72
What is the remainder when 340887 is divided by 26216?
79
Calculate the remainder when 2878176 is divided by 573.
570
Calculate the remainder when 4394546 is divided by 68.
46
What is the remainder when 41700654 is divided by 2162?
2160
Calculate the remainder when 224520 is divided by 2501.
1931
Calculate the remainder when 1063806 is divided by 1869.
345
Calculate the remainder when 588943 is divided by 1283.
46
What is the remainder when 44419167 is divided by 1277?
1276
What is the remainder when 1340095 is divided by 802?
755
What is the remainder when 29407089 is divided by 3431?
3419
Calculate the remainder when 179117 is divided by 1939.
729
What is the remainder when 1106500 is divided by 82?
74
What is the remainder when 1100782 is divided by 6?
4
Calculate the remainder when 4630570 is divided by 2129.
2124
Calculate the remainder when 18983485 is divided by 133.
129
What is the remainder when 503369 is divided by 29609?
16
What is the remainder when 5629199 is divided by 130?
69
Calculate the remainder when 300346 is divided by 680.
466
What is the remainder when 679817 is divided by 38?
35
What is the remainder when 12305914 is divided by 662?
658
Calculate the remainder when 467357 is divided by 1046.
841
What is the remainder when 24123110 is divided by 148?
146
Calculate the remainder when 314918 is divided by 62971.
63
What is the remainder when 34733277 is divided by 4256?
61
Calculate the remainder when 9679318 is divided by 30.
28
What is the remainder when 3838208 is divided by 51?
50
Calculate the remainder when 123246 is divided by 2692.
2106
Calculate the remainder when 6666736 is divided by 164.
136
Calculate the remainder when 393073 is divided by 42.
37
Calculate the remainder when 316367 is divided by 8805.
8192
Calculate the remainder when 334483 is divided by 1991.
1986
Calculate the remainder when 20055895 is divided by 913.
24
Calculate the remainder when 2618851 is divided by 12013.
17
Calculate the remainder when 13484835 is divided by 912.
3
What is the remainder when 410111 is divided by 136175?
1586
Calculate the remainder when 156842 is divided by 2212.
2002
Calculate the remainder when 10782976 is divided by 3243.
1
What is the remainder when 47096921 is divided by 1044?
1037
What is the remainder when 456382 is divided by 6612?
154
What is the remainder when 79613830 is divided by 299?
296
What is the remainder when 3178155 is divided by 85896?
3
What is the remainder when 3721814 is divided by 4?
2
Calculate the remainder when 466323 is divided by 98.
39
Calculate the remainder when 24358 is divided by 3029.
126
What is the remainder when 4533078 is divided by 1510927?
297
Calculate the remainder when 426307 is divided by 313.
1
Calculate the remainder when 85809 is divided by 8567.
139
What is the remainder when 919455 is divided by 306481?
12
Calculate the remainder when 10035004 is divided by 265.
249
Calculate the remainder when 550513 is divided by 275117.
279
What is the remainder when 16076369 is divided by 173?
171
Calculate the remainder when 15047948 is divided by 6.
2
Calculate the remainder when 69479 is divided by 22428.
2195
Calculate the remainder when 17196800 is divided by 954.
950
What is the remainder when 435165 is divided by 217554?
57
Calculate the remainder when 23406546 is divided by 506.
504
Calculate the remainder when 310633663 is divided by 22.
21
What is the remainder when 1558020 is divided by 104?
100
Calculate the remainder when 98282 is divided by 32366.
1184
What is the remainder when 10403651 is divided by 10403645?
6
Calculate the remainder when 8577187 is divided by 932.
923
What is the remainder when 88875 is divided by 112?
59
Calculate the remainder when 1495710 is divided by 12.
6
What is the remainder when 1393945 is divided by 1276?
553
What is the remainder when 15130919 is divided by 2393?
2373
Calculate the remainder when 131365 is divided by 1887.
1162
Calculate the remainder when 257608 is divided by 8854.
842
Calculate the remainder when 10229660 is divided by 48253.
24
Calculate the remainder when 584876 is divided by 245.
61
Calculate the remainder when 10221 is divided by 3970.
2281
What is the remainder when 660045 is divided by 649?
12
Calculate the remainder when 3314478 is divided by 146.
132
What is the remainder when 9901 is divided by 2234?
965
Calculate the remainder when 139132 is divided by 139020.
112
Calculate the remainder when 63538 is divided by 10284.
1834
What is the remainder when 942998 is divided by 7576?
3574
What is the remainder when 8568 is divided by 4166?
236
What is the remainder when 398513 is divided by 398381?
132
What is the remainder when 40496 is divided by 686?
22
What is the remainder when 4679979 is divided by 333?
330
What is the remainder when 138795365 is divided by 138795354?
11
What is the remainder when 708666 is divided by 88581?
18
Calculate the remainder when 3872612 is divided by 19363.
12
Calculate the remainder when 192776 is divided by 32052.
464
What is the remainder when 10884 is divided by 1989?
939
Calculate the remainder when 487322 is divided by 40600.
122
What is the remainder when 5896205 is divided by 3624?
3581
What is the remainder when 3096088 is divided by 3126?
1348
What is the remainder when 130612470 is divided by 281?
17
Calculate the remainder when 5579899 is divided by 128.
123
Calculate the remainder when 205951 is divided by 28.
11
Calculate the remainder when 5908 is divided by 189.
49
What is the remainder when 11067705 is divided by 922291?
213
What is the remainder when 34013336 is divided by 11337760?
56
Calculate the remainder when 2655312 is divided by 1327345.
622
What is the remainder when 352512065 is divided by 17497?
6
What is the remainder when 712505 is divided by 7191?
596
Calculate the remainder when 1859832 is divided by 619941.
9
Calculate the remainder when 11337 is divided by 7812.
3525
Calculate the remainder when 504177 is divided by 1866.
357
Calculate the remainder when 230278 is divided by 19.
17
Calculate the remainder when 81760936 is divided by 221.
218
What is the remainder when 273171 is divided by 683?
654
Calculate the remainder when 14763205 is divided by 50.
5
Calculate the remainder 